{"id":46,"date":"2020-05-23T18:19:42","date_gmt":"2020-05-23T18:19:42","guid":{"rendered":"https:\/\/bdkl.gatomonodesign.com\/wordpress\/?page_id=46"},"modified":"2021-02-17T20:59:43","modified_gmt":"2021-02-17T20:59:43","slug":"5-nachlaesse-legados","status":"publish","type":"page","link":"https:\/\/bdkl.gatomonodesign.com\/wordpress\/?page_id=46","title":{"rendered":"6. Nachl\u00e4sse \/ Legados"},"content":{"rendered":"\n<p><strong>Arendt, Erich<\/strong>:&nbsp;Nachlass, Berlin<\/p>\n\n\n\n<p><a href=\"http:\/\/www.adk.de\/de\/archiv\/archivbestand\/literatur\/index.htm?hg=literatur&amp;we_objectID=245\" target=\"_blank\" rel=\"noreferrer noopener\">Bestandsinformationen<\/a>&nbsp;der Akademie der K\u00fcnste Berlin<\/p>\n\n\n\n<hr class=\"wp-block-separator\"\/>\n\n\n\n<p><strong>Behr-Heyder, Friedrich<\/strong>: Nachlass, K\u00f6ln<\/p>\n\n\n\n<p>1. Historisches Archiv der Stadt K\u00f6ln [<a href=\"http:\/\/historischesarchivkoeln.de\/de\/lesesaal\/bestand\/2559\/Best.+1763+Behr-Heyder%2C+Friedrich\" target=\"_blank\" rel=\"noreferrer noopener\">Bestandsinformationen<\/a>]<br>2.&nbsp;Universit\u00e4tsarchiv K\u00f6ln:&nbsp;Best. Zug. 634<\/p>\n\n\n\n<hr class=\"wp-block-separator\"\/>\n\n\n\n<p><strong>Claus, Rudolf<\/strong>: Nachlass, Koblenz&nbsp;<\/p>\n\n\n\n<p>Rudolf Claus (1880\u20131961) war&nbsp;Vizepr\u00e4sident des Reichsaufsichtsamts f\u00fcr das Kreditwesen. In seinem Nachlass im Bundesarchiv in Koblenz befinden sich Unterlagen \u00fcber die T\u00e4tigkeit in&nbsp;Kolumbien von&nbsp;1925 bis&nbsp;1928.<\/p>\n\n\n\n<hr class=\"wp-block-separator\"\/>\n\n\n\n<p><strong>Engel, Paul (alias Diego Viga)<\/strong>: Nachlass, Frankfurt a.&nbsp;M.<\/p>\n\n\n\n<p>Der Nachlass&nbsp;Paul Engels (1907\u20131997) enth\u00e4lt Korrespondenz,&nbsp;Manuskripte seiner Romane und Kurzgeschichten,&nbsp;Belegexemplare seiner wissenschaftlichen Arbeiten sowie Erstausgaben seiner Romane, auch in \u00dcbersetzungen. Archiv f\u00fcr Exilliteratur der Deutschen Nationalbibliothek, Frankfurt a.&nbsp;M.&nbsp;Signatur:&nbsp;EB 92\/107.&nbsp;<\/p>\n\n\n\n<hr class=\"wp-block-separator\"\/>\n\n\n\n<p><strong>Hermes, Andreas<\/strong>: Nachlass, Sankt Augustin<\/p>\n\n\n\n<p>Andreas Hermes (1878\u20131964) arbeitete&nbsp;von&nbsp;1936 bis 1939 als Wirtschaftsberater der kolumbianischen Regierung in Bogot\u00e1. Sein diesbez\u00fcglicher Nachlass befindet sich im&nbsp;Archiv f\u00fcr Christlich-Demokratische Politik der Konrad-Adenauer-Stiftung in Sankt Augustin.<\/p>\n\n\n\n<hr class=\"wp-block-separator\"\/>\n\n\n\n<p><strong>Hettner, Alfred<\/strong>: Nachlass, Heidelberg<\/p>\n\n\n\n<p><a href=\"http:\/\/www.ub.uni-heidelberg.de\/allg\/benutzung\/bereiche\/pdf\/HeidHs3929_Nachlass_Hettner.pdf\" target=\"_blank\" rel=\"noreferrer noopener\">Nachlassbeschreibung der UB Heidelberg [PDF]<\/a><\/p>\n\n\n\n<hr class=\"wp-block-separator\"\/>\n\n\n\n<p><strong>Humboldt, Alexander von<\/strong>: Nachlass<\/p>\n\n\n\n<p>Siehe&nbsp;<a href=\"http:\/\/www.avhumboldt.de\/?page_id=469\" target=\"_blank\" rel=\"noreferrer noopener\">Humboldt Digital<\/a><\/p>\n\n\n\n<hr class=\"wp-block-separator\"\/>\n\n\n\n<p><strong>Koch-Gr\u00fcnberg,&nbsp;Theodor<\/strong>: Nachlass, Marburg<\/p>\n\n\n\n<p>Informationen zum Bestand und zur Erschlie\u00dfung&nbsp;des Nachlasses der Universit\u00e4t Marburg<\/p>\n\n\n\n<hr class=\"wp-block-separator\"\/>\n\n\n\n<p><strong>Levy, Kurt<\/strong>: K\u00fcnstlerischer Nachlass, Frankfurt a. M.<\/p>\n\n\n\n<p>Bestandsinformationen&nbsp;des J\u00fcdischen Museums<\/p>\n\n\n\n<hr class=\"wp-block-separator\"\/>\n\n\n\n<p><strong>Masur, Gerhard<\/strong>: Nachlass, M\u00fcnchen<\/p>\n\n\n\n<p>Gerhard Masur (1901\u20131975) war Historiker und lehrte von 1936 in Bogot\u00e1\/Kolumbien. Sein Nachlass befindet sich im Archiv des Instituts f\u00fcr Zeitgeschichte in M\u00fcnchen.<\/p>\n\n\n\n<hr class=\"wp-block-separator\"\/>\n\n\n\n<p><strong>Preuss, Theodor Konrad<\/strong>: Nachlass, Berlin<\/p>\n\n\n\n<p>Schuhmacher, Gudrun u. Gregor Wolff (2011):&nbsp;Nachl\u00e4sse, Manuskripte, Autographen und Fotosammlungen&nbsp;im Besitz des Ibero-Amerikanischen Instituts. 2. \u00fcberarb. u. erg. Aufl. Berlin 2011 [<a href=\"http:\/\/www.iai.spk-berlin.de\/fileadmin\/dokumentenbibliothek\/Nachlaesse\/2011_NACHLAESSE_IAI_II.pdf\" target=\"_blank\" rel=\"noreferrer noopener\">PDF<\/a>].<\/p>\n\n\n\n<hr class=\"wp-block-separator\"\/>\n\n\n\n<p><strong>Reichelt, Werner<\/strong>: Nachlass, Leipzig<\/p>\n\n\n\n<p><a href=\"http:\/\/www.ifl-leipzig.de\/fileadmin\/user_upload\/Bibliothek_Archiv\/Archiv_Findb\u00fccher_PDF\/Reichelt.pdf\" target=\"_blank\" rel=\"noreferrer noopener\">Bestandsinformationen<\/a>&nbsp;des Leibniz-Instituts f\u00fcr L\u00e4nderkunde in Leipzig \u2013&nbsp;Werner Reichelt (1911\u20131995) war von 1956 bis 1963 als Meteorologe in Kolumbien.<\/p>\n\n\n\n<hr class=\"wp-block-separator\"\/>\n\n\n\n<p><strong>Rei\u00df, Wilhelm<\/strong>: Nachlass, Leipzig<\/p>\n\n\n\n<p>Findbuch im Archiv&nbsp;des Leibniz-Instituts f\u00fcr L\u00e4nderkunde in Leipzig<\/p>\n\n\n\n<hr class=\"wp-block-separator\"\/>\n\n\n\n<p><strong>Schaible, Ivo<\/strong>: K\u00fcnstlerische&nbsp;Nachl\u00e4sse, M\u00fcnchen u. a.<\/p>\n\n\n\n<p>1.&nbsp;Salvatorianerkolleg St. Willibald, M\u00fcnchen-Laim (umfangreicher k\u00fcnstlerischer Bestand)<br>2.&nbsp;Museum Schloss Gro\u00dflaupheim (Dauerausstellung, mehr als 1000 Arbeiten im Depot)<br>3.&nbsp;Privatsammlung Hera u. Richard Schahl,&nbsp;Gr\u00fcnwald<\/p>\n\n\n\n<hr class=\"wp-block-separator\"\/>\n\n\n\n<p><strong>Schenck, Friedrich von<\/strong>: Nachlass, Dortmund<\/p>\n\n\n\n<p>Friedrich von Schencks (1851\u20131912)&nbsp;Briefe und Berichte aus Lateinamerika, insbesondere aus&nbsp;Kolumbien, befinden sich im Besitz der&nbsp;Stiftung Westf\u00e4lisches Wirtschaftsarchiv Dortmund.<\/p>\n\n\n\n<hr class=\"wp-block-separator\"\/>\n\n\n\n<p><strong>Schmitz, Hans<\/strong>: Nachlass, K\u00f6ln&nbsp;<\/p>\n\n\n\n<p>Im&nbsp;Nachlass des Bildhauers und Grafikers Hans Schmitz&nbsp;(1896\u20131977) im&nbsp;Historischen&nbsp;Archiv der Stadt K\u00f6ln befindet sich u.a. die Korrespondenz mit Walter Stern, Cartagena, Kolumbien, aus den Jahren 1966\u20131968. [<a href=\"http:\/\/historischesarchivkoeln.de\/en\/lesesaal\/verzeichnungseinheit\/162212\/Best.+1380+A+1+Briefe+von+Walter+Stern,+ehemaliger+Redakteur+bei+\" target=\"_blank\" rel=\"noreferrer noopener\">Bestandsinformationen<\/a>].<\/p>\n\n\n\n<hr class=\"wp-block-separator\"\/>\n\n\n\n<p><strong>Schottelius, Justus Wolfram<\/strong>: Nachlass, Berlin<\/p>\n\n\n\n<p>Nachla\u00df Schottelius. Materialen zu Mexiko und Kolumbien. Manuskripte, B\u00fccher, Briefe, Fotos, Dias, Filmrollen und Mappen mit Zeichnungen von Justus Wolfram Schottelius aus den Jahren 1934\u20131941. Gesichtet und geordnet von Jana Maatouk. Berlin Juli 1998 [PDF];&nbsp;Gudrun&nbsp;Schuhmacher u. Gregor Wolff (2011):&nbsp;Nachl\u00e4sse, Manuskripte, Autographen und Fotosammlungen&nbsp;im Besitz des Ibero-Amerikanischen Instituts. 2. \u00fcberarb. u. erg. Aufl. Berlin 2011 [<a rel=\"noreferrer noopener\" href=\"http:\/\/www.iai.spk-berlin.de\/fileadmin\/dokumentenbibliothek\/Nachlaesse\/2011_NACHLAESSE_IAI_II.pdf\" target=\"_blank\">PDF<\/a>]. <\/p>\n\n\n\n<p>Das Grab von J. W. Schottelius (1892\u20131941) befindet sich im Museo Nacional de Colombia in Bogot\u00e1 (Erdgeschoss, Saal Nr. 3).<\/p>\n\n\n\n<hr class=\"wp-block-separator\"\/>\n\n\n\n<p><strong>Schreiber, Otto<\/strong>: Privater Autorennachlass<\/p>\n\n\n\n<p>Erw\u00e4hnung in \u27f6 1.) Otto Schreiber (1965). Der heutige Standort ist zu ermitteln.<\/p>\n\n\n\n<hr class=\"wp-block-separator\"\/>\n\n\n\n<p><strong>Schumacher, Hermann Albert<\/strong>: Nachlass, Bremen<\/p>\n\n\n\n<p>Hermann Albert Schuhmacher (1839\u20131890),&nbsp;Jurist, Diplomat und Historiker, hinterlie\u00df&nbsp;Manuskripte zu Themen der bremischen und s\u00fcdamerikanischen Geschichte (zumeist unver\u00f6ffentlicht). Er war von 1872\u20131875 als Ministerresident in Bogot\u00e1 t\u00e4tig. Die Dokumente befinden sich im Staatsarchiv Bremen.<\/p>\n\n\n\n<hr class=\"wp-block-separator\"\/>\n\n\n\n<p><strong>St\u00fcbel, Alphons<\/strong>: Nachl\u00e4sse,&nbsp;Leipzig u. Berlin<\/p>\n\n\n\n<p>1. Leibniz-Institut f\u00fcr L\u00e4nderkunde, Leipzig: [<a href=\"http:\/\/www.ifl-leipzig.de\/fileadmin\/user_upload\/Bibliothek_Archiv\/Archiv_Findb\u00fccher_PDF\/Stuebel.pdf\" target=\"_blank\" rel=\"noreferrer noopener\">Findbuch<\/a>] \u2013&nbsp;Collection Alphons St\u00fcbel. Die Fotosammlung einer S\u00fcdamerikaexpedition 1868\u20131877. Ausstellung vom 25.2. bis 9.4.1988. Berlin, 1988 (24&nbsp;S.).<br>2. IAI Berlin: Siehe Gudrun&nbsp;Schuhmacher u. Gregor Wolff (2011):&nbsp;Nachl\u00e4sse, Manuskripte, Autographen und Fotosammlungen&nbsp;im Besitz des Ibero-Amerikanischen Instituts. 2. \u00fcberarb. u. erg. Aufl. Berlin 2011 [<a href=\"http:\/\/www.iai.spk-berlin.de\/fileadmin\/dokumentenbibliothek\/Nachlaesse\/2011_NACHLAESSE_IAI_II.pdf\" target=\"_blank\" rel=\"noreferrer noopener\">PDF<\/a>].<\/p>\n\n\n\n<hr class=\"wp-block-separator\"\/>\n\n\n\n<p><strong>Uhle, Max:<\/strong> Nachl\u00e4sse,&nbsp;Leipzig u.&nbsp;Berlin<\/p>\n\n\n\n<p>1. Leibniz-Institut f\u00fcr L\u00e4nderkunde, Leipzig: [<a href=\"http:\/\/www.ifl-leipzig.de\/fileadmin\/user_upload\/Bibliothek_Archiv\/Archiv_Findb\u00fccher_PDF\/Uhle.pdf\" target=\"_blank\" rel=\"noreferrer noopener\">Findbuch<\/a>]<br>2. IAI Berlin:&nbsp;Gudrun&nbsp;Schuhmacher u. Gregor Wolff (2011):&nbsp;Nachl\u00e4sse, Manuskripte, Autographen und Fotosammlungen&nbsp;im Besitz des Ibero-Amerikanischen Instituts. 2. \u00fcberarb. u. erg. Aufl. Berlin 2011 [<a href=\"http:\/\/www.iai.spk-berlin.de\/fileadmin\/dokumentenbibliothek\/Nachlaesse\/2011_NACHLAESSE_IAI_II.pdf\" target=\"_blank\" rel=\"noreferrer noopener\">PDF<\/a>]; Michael H\u00f6flein (2002): Leben und Werk Max Uhles. Eine Bibliographie. Berlin 2002 (Ibero-Bibliographien 1)&nbsp;[<a href=\"http:\/\/www.iai.spk-berlin.de\/fileadmin\/dokumentenbibliothek\/Ibero-Bibliographien\/Ibero_Bibliographien_01.pdf\" target=\"_blank\" rel=\"noreferrer noopener\">PDF<\/a>].<\/p>\n","protected":false},"excerpt":{"rendered":"<p>Arendt, Erich:&nbsp;Nachlass, Berlin Bestandsinformationen&nbsp;der Akademie der K\u00fcnste Berlin Behr-Heyder, Friedrich: Nachlass, K\u00f6ln 1. Historisches Archiv der Stadt K\u00f6ln [Bestandsinformationen]2.&nbsp;Universit\u00e4tsarchiv K\u00f6ln:&nbsp;Best. Zug. 634 Claus, Rudolf: Nachlass, Koblenz&nbsp; Rudolf Claus (1880\u20131961) war&nbsp;Vizepr\u00e4sident des Reichsaufsichtsamts f\u00fcr das Kreditwesen. In seinem Nachlass im Bundesarchiv in Koblenz befinden sich Unterlagen&hellip; <a class=\"read-more\" href=\"https:\/\/bdkl.gatomonodesign.com\/wordpress\/?page_id=46\">Weiterlesen<\/a><\/p>\n","protected":false},"author":1,"featured_media":0,"parent":0,"menu_order":0,"comment_status":"closed","ping_status":"closed","template":"","meta":{"ngg_post_thumbnail":0,"spay_email":""},"_links":{"self":[{"href":"https:\/\/bdkl.gatomonodesign.com\/wordpress\/index.php?rest_route=\/wp\/v2\/pages\/46"}],"collection":[{"href":"https:\/\/bdkl.gatomonodesign.com\/wordpress\/index.php?rest_route=\/wp\/v2\/pages"}],"about":[{"href":"https:\/\/bdkl.gatomonodesign.com\/wordpress\/index.php?rest_route=\/wp\/v2\/types\/page"}],"author":[{"embeddable":true,"href":"https:\/\/bdkl.gatomonodesign.com\/wordpress\/index.php?rest_route=\/wp\/v2\/users\/1"}],"replies":[{"embeddable":true,"href":"https:\/\/bdkl.gatomonodesign.com\/wordpress\/index.php?rest_route=%2Fwp%2Fv2%2Fcomments&post=46"}],"version-history":[{"count":7,"href":"https:\/\/bdkl.gatomonodesign.com\/wordpress\/index.php?rest_route=\/wp\/v2\/pages\/46\/revisions"}],"predecessor-version":[{"id":222,"href":"https:\/\/bdkl.gatomonodesign.com\/wordpress\/index.php?rest_route=\/wp\/v2\/pages\/46\/revisions\/222"}],"wp:attachment":[{"href":"https:\/\/bdkl.gatomonodesign.com\/wordpress\/index.php?rest_route=%2Fwp%2Fv2%2Fmedia&parent=46"}],"curies":[{"name":"wp","href":"https:\/\/api.w.org\/{rel}","templated":true}]}}

6. Nachlässe / Legados

<p><strong>Arendt, Erich</strong>:&nbsp;Nachlass, Berlin</p>



<p><a href="http://www.adk.de/de/archiv/archivbestand/literatur/index.htm?hg=literatur&amp;we_objectID=245" target="_blank" rel="noreferrer noopener">Bestandsinformationen</a>&nbsp;der Akademie der Künste Berlin</p>



<hr class="wp-block-separator"/>



<p><strong>Behr-Heyder, Friedrich</strong>: Nachlass, Köln</p>



<p>1. Historisches Archiv der Stadt Köln [<a href="http://historischesarchivkoeln.de/de/lesesaal/bestand/2559/Best.+1763+Behr-Heyder%2C+Friedrich" target="_blank" rel="noreferrer noopener">Bestandsinformationen</a>]<br>2.&nbsp;Universitätsarchiv Köln:&nbsp;Best. Zug. 634</p>



<hr class="wp-block-separator"/>



<p><strong>Claus, Rudolf</strong>: Nachlass, Koblenz&nbsp;</p>



<p>Rudolf Claus (1880–1961) war&nbsp;Vizepräsident des Reichsaufsichtsamts für das Kreditwesen. In seinem Nachlass im Bundesarchiv in Koblenz befinden sich Unterlagen über die Tätigkeit in&nbsp;Kolumbien von&nbsp;1925 bis&nbsp;1928.</p>



<hr class="wp-block-separator"/>



<p><strong>Engel, Paul (alias Diego Viga)</strong>: Nachlass, Frankfurt a.&nbsp;M.</p>



<p>Der Nachlass&nbsp;Paul Engels (1907–1997) enthält Korrespondenz,&nbsp;Manuskripte seiner Romane und Kurzgeschichten,&nbsp;Belegexemplare seiner wissenschaftlichen Arbeiten sowie Erstausgaben seiner Romane, auch in Übersetzungen. Archiv für Exilliteratur der Deutschen Nationalbibliothek, Frankfurt a.&nbsp;M.&nbsp;Signatur:&nbsp;EB 92/107.&nbsp;</p>



<hr class="wp-block-separator"/>



<p><strong>Hermes, Andreas</strong>: Nachlass, Sankt Augustin</p>



<p>Andreas Hermes (1878–1964) arbeitete&nbsp;von&nbsp;1936 bis 1939 als Wirtschaftsberater der kolumbianischen Regierung in Bogotá. Sein diesbezüglicher Nachlass befindet sich im&nbsp;Archiv für Christlich-Demokratische Politik der Konrad-Adenauer-Stiftung in Sankt Augustin.</p>



<hr class="wp-block-separator"/>



<p><strong>Hettner, Alfred</strong>: Nachlass, Heidelberg</p>



<p><a href="http://www.ub.uni-heidelberg.de/allg/benutzung/bereiche/pdf/HeidHs3929_Nachlass_Hettner.pdf" target="_blank" rel="noreferrer noopener">Nachlassbeschreibung der UB Heidelberg [PDF]</a></p>



<hr class="wp-block-separator"/>



<p><strong>Humboldt, Alexander von</strong>: Nachlass</p>



<p>Siehe&nbsp;<a href="http://www.avhumboldt.de/?page_id=469" target="_blank" rel="noreferrer noopener">Humboldt Digital</a></p>



<hr class="wp-block-separator"/>



<p><strong>Koch-Grünberg,&nbsp;Theodor</strong>: Nachlass, Marburg</p>



<p>Informationen zum Bestand und zur Erschließung&nbsp;des Nachlasses der Universität Marburg</p>



<hr class="wp-block-separator"/>



<p><strong>Levy, Kurt</strong>: Künstlerischer Nachlass, Frankfurt a. M.</p>



<p>Bestandsinformationen&nbsp;des Jüdischen Museums</p>



<hr class="wp-block-separator"/>



<p><strong>Masur, Gerhard</strong>: Nachlass, München</p>



<p>Gerhard Masur (1901–1975) war Historiker und lehrte von 1936 in Bogotá/Kolumbien. Sein Nachlass befindet sich im Archiv des Instituts für Zeitgeschichte in München.</p>



<hr class="wp-block-separator"/>



<p><strong>Preuss, Theodor Konrad</strong>: Nachlass, Berlin</p>



<p>Schuhmacher, Gudrun u. Gregor Wolff (2011):&nbsp;Nachlässe, Manuskripte, Autographen und Fotosammlungen&nbsp;im Besitz des Ibero-Amerikanischen Instituts. 2. überarb. u. erg. Aufl. Berlin 2011 [<a href="http://www.iai.spk-berlin.de/fileadmin/dokumentenbibliothek/Nachlaesse/2011_NACHLAESSE_IAI_II.pdf" target="_blank" rel="noreferrer noopener">PDF</a>].</p>



<hr class="wp-block-separator"/>



<p><strong>Reichelt, Werner</strong>: Nachlass, Leipzig</p>



<p><a href="http://www.ifl-leipzig.de/fileadmin/user_upload/Bibliothek_Archiv/Archiv_Findbücher_PDF/Reichelt.pdf" target="_blank" rel="noreferrer noopener">Bestandsinformationen</a>&nbsp;des Leibniz-Instituts für Länderkunde in Leipzig –&nbsp;Werner Reichelt (1911–1995) war von 1956 bis 1963 als Meteorologe in Kolumbien.</p>



<hr class="wp-block-separator"/>



<p><strong>Reiß, Wilhelm</strong>: Nachlass, Leipzig</p>



<p>Findbuch im Archiv&nbsp;des Leibniz-Instituts für Länderkunde in Leipzig</p>



<hr class="wp-block-separator"/>



<p><strong>Schaible, Ivo</strong>: Künstlerische&nbsp;Nachlässe, München u. a.</p>



<p>1.&nbsp;Salvatorianerkolleg St. Willibald, München-Laim (umfangreicher künstlerischer Bestand)<br>2.&nbsp;Museum Schloss Großlaupheim (Dauerausstellung, mehr als 1000 Arbeiten im Depot)<br>3.&nbsp;Privatsammlung Hera u. Richard Schahl,&nbsp;Grünwald</p>



<hr class="wp-block-separator"/>



<p><strong>Schenck, Friedrich von</strong>: Nachlass, Dortmund</p>



<p>Friedrich von Schencks (1851–1912)&nbsp;Briefe und Berichte aus Lateinamerika, insbesondere aus&nbsp;Kolumbien, befinden sich im Besitz der&nbsp;Stiftung Westfälisches Wirtschaftsarchiv Dortmund.</p>



<hr class="wp-block-separator"/>



<p><strong>Schmitz, Hans</strong>: Nachlass, Köln&nbsp;</p>



<p>Im&nbsp;Nachlass des Bildhauers und Grafikers Hans Schmitz&nbsp;(1896–1977) im&nbsp;Historischen&nbsp;Archiv der Stadt Köln befindet sich u.a. die Korrespondenz mit Walter Stern, Cartagena, Kolumbien, aus den Jahren 1966–1968. [<a href="http://historischesarchivkoeln.de/en/lesesaal/verzeichnungseinheit/162212/Best.+1380+A+1+Briefe+von+Walter+Stern,+ehemaliger+Redakteur+bei+" target="_blank" rel="noreferrer noopener">Bestandsinformationen</a>].</p>



<hr class="wp-block-separator"/>



<p><strong>Schottelius, Justus Wolfram</strong>: Nachlass, Berlin</p>



<p>Nachlaß Schottelius. Materialen zu Mexiko und Kolumbien. Manuskripte, Bücher, Briefe, Fotos, Dias, Filmrollen und Mappen mit Zeichnungen von Justus Wolfram Schottelius aus den Jahren 1934–1941. Gesichtet und geordnet von Jana Maatouk. Berlin Juli 1998 [PDF];&nbsp;Gudrun&nbsp;Schuhmacher u. Gregor Wolff (2011):&nbsp;Nachlässe, Manuskripte, Autographen und Fotosammlungen&nbsp;im Besitz des Ibero-Amerikanischen Instituts. 2. überarb. u. erg. Aufl. Berlin 2011 [<a rel="noreferrer noopener" href="http://www.iai.spk-berlin.de/fileadmin/dokumentenbibliothek/Nachlaesse/2011_NACHLAESSE_IAI_II.pdf" target="_blank">PDF</a>]. </p>



<p>Das Grab von J. W. Schottelius (1892–1941) befindet sich im Museo Nacional de Colombia in Bogotá (Erdgeschoss, Saal Nr. 3).</p>



<hr class="wp-block-separator"/>



<p><strong>Schreiber, Otto</strong>: Privater Autorennachlass</p>



<p>Erwähnung in ⟶ 1.) Otto Schreiber (1965). Der heutige Standort ist zu ermitteln.</p>



<hr class="wp-block-separator"/>



<p><strong>Schumacher, Hermann Albert</strong>: Nachlass, Bremen</p>



<p>Hermann Albert Schuhmacher (1839–1890),&nbsp;Jurist, Diplomat und Historiker, hinterließ&nbsp;Manuskripte zu Themen der bremischen und südamerikanischen Geschichte (zumeist unveröffentlicht). Er war von 1872–1875 als Ministerresident in Bogotá tätig. Die Dokumente befinden sich im Staatsarchiv Bremen.</p>



<hr class="wp-block-separator"/>



<p><strong>Stübel, Alphons</strong>: Nachlässe,&nbsp;Leipzig u. Berlin</p>



<p>1. Leibniz-Institut für Länderkunde, Leipzig: [<a href="http://www.ifl-leipzig.de/fileadmin/user_upload/Bibliothek_Archiv/Archiv_Findbücher_PDF/Stuebel.pdf" target="_blank" rel="noreferrer noopener">Findbuch</a>] –&nbsp;Collection Alphons Stübel. Die Fotosammlung einer Südamerikaexpedition 1868–1877. Ausstellung vom 25.2. bis 9.4.1988. Berlin, 1988 (24&nbsp;S.).<br>2. IAI Berlin: Siehe Gudrun&nbsp;Schuhmacher u. Gregor Wolff (2011):&nbsp;Nachlässe, Manuskripte, Autographen und Fotosammlungen&nbsp;im Besitz des Ibero-Amerikanischen Instituts. 2. überarb. u. erg. Aufl. Berlin 2011 [<a href="http://www.iai.spk-berlin.de/fileadmin/dokumentenbibliothek/Nachlaesse/2011_NACHLAESSE_IAI_II.pdf" target="_blank" rel="noreferrer noopener">PDF</a>].</p>



<hr class="wp-block-separator"/>



<p><strong>Uhle, Max:</strong> Nachlässe,&nbsp;Leipzig u.&nbsp;Berlin</p>



<p>1. Leibniz-Institut für Länderkunde, Leipzig: [<a href="http://www.ifl-leipzig.de/fileadmin/user_upload/Bibliothek_Archiv/Archiv_Findbücher_PDF/Uhle.pdf" target="_blank" rel="noreferrer noopener">Findbuch</a>]<br>2. IAI Berlin:&nbsp;Gudrun&nbsp;Schuhmacher u. Gregor Wolff (2011):&nbsp;Nachlässe, Manuskripte, Autographen und Fotosammlungen&nbsp;im Besitz des Ibero-Amerikanischen Instituts. 2. überarb. u. erg. Aufl. Berlin 2011 [<a href="http://www.iai.spk-berlin.de/fileadmin/dokumentenbibliothek/Nachlaesse/2011_NACHLAESSE_IAI_II.pdf" target="_blank" rel="noreferrer noopener">PDF</a>]; Michael Höflein (2002): Leben und Werk Max Uhles. Eine Bibliographie. Berlin 2002 (Ibero-Bibliographien 1)&nbsp;[<a href="http://www.iai.spk-berlin.de/fileadmin/dokumentenbibliothek/Ibero-Bibliographien/Ibero_Bibliographien_01.pdf" target="_blank" rel="noreferrer noopener">PDF</a>].</p>

<p>Arendt, Erich:&nbsp;Nachlass, Berlin Bestandsinformationen&nbsp;der Akademie der Künste Berlin Behr-Heyder, Friedrich: Nachlass, Köln 1. Historisches Archiv der Stadt Köln [Bestandsinformationen]2.&nbsp;Universitätsarchiv Köln:&nbsp;Best. Zug. 634 Claus, Rudolf: Nachlass, Koblenz&nbsp; Rudolf Claus (1880–1961) war&nbsp;Vizepräsident des Reichsaufsichtsamts für das Kreditwesen. In seinem Nachlass im Bundesarchiv in Koblenz befinden sich Unterlagen&hellip; <a class="read-more" href="https://bdkl.gatomonodesign.com/wordpress/?page_id=46">Weiterlesen</a></p>
